{"id":214,"date":"2025-03-31T23:58:28","date_gmt":"2025-04-01T06:58:28","guid":{"rendered":"https:\/\/crossroadsband.org\/?page_id=214"},"modified":"2025-06-26T04:07:17","modified_gmt":"2025-06-26T11:07:17","slug":"the-team","status":"publish","type":"page","link":"https:\/\/crossroadsband.org\/hu\/the-team\/","title":{"rendered":"A csapat"},"content":{"rendered":"<\/p>\n<h3>\ud83d\udc65 Vezet\u0151s\u00e9gi tagjaink<\/h3>\n<p><em>Ismerd meg azokat, akik a zene \u00e9s a k\u00fcldet\u00e9s m\u00f6g\u00f6tt \u00e1llnak.<\/em><\/p>\n<h4>\ud83c\udfb8 Egyedi Attila<\/h4>\n<p><strong>Igazgat\u00f3, zenekarvezet\u0151<\/strong><\/p>\n<p>Zen\u00e9sz, kultur\u00e1lis szervez\u0151, a Crossroads alap\u00edt\u00f3ja. Attila vezeti a zenekart, git\u00e1rozik, ukulel\u00e9n \u00e9s h\u00e1romh\u00faros br\u00e1cs\u00e1n j\u00e1tszik, \u00e9nekel, \u00e9s az alap\u00edtv\u00e1ny szakmai ir\u00e1ny\u00edt\u00e1s\u00e1\u00e9rt is felel.<\/p>\n<p>Tov\u00e1bb\u00e1 az Eszterl\u00e1nc Magyar N\u00e9pi Egy\u00fcttes (San Francisco Bay Area) \u00fcgyvezet\u0151je, a Hungarian Heritage Foundation (SF Bay Area) igazgat\u00f3s\u00e1gi tagja, a Magyar Kultur\u00e1lis K\u00f6zpont (Newark) eln\u00f6ks\u00e9gi tagja, valamint a Hungarian Folklife Association tan\u00e1csad\u00f3 test\u00fclet\u00e9nek tagja.<\/p>\n<h4>\ud83d\udc83\ud83c\udffc Kov\u00e1cs R\u00e9ka<\/h4>\n<p><strong>Titk\u00e1r<\/strong><\/p>\n<p>R\u00e9ka r\u00e9g\u00f3ta t\u00e1ncol a n\u00e9pt\u00e1ncmozgalomban, az Eszterl\u00e1nc tagja, \u00e9s m\u00e9lyen k\u00f6t\u0151dik a magyar n\u00e9phagyom\u00e1nyokhoz. Szervez\u00e9si tapasztalataival seg\u00edti az esem\u00e9nyek \u00e9s az alap\u00edtv\u00e1ny m\u0171k\u00f6d\u00e9s\u00e9t.<\/p>\n<p>Emellett az Eszterl\u00e1nc Magyar N\u00e9pi Egy\u00fcttes (San Francisco Bay Area) igazgat\u00f3s\u00e1gi tagja is.<\/p>\n<h4>\ud83c\udfb9 Tulit Vince<\/h4>\n<p><strong>P\u00e9nzt\u00e1ros<\/strong><\/p>\n<p>Vince billenty\u0171k\u00f6n, heged\u0171n \u00e9s h\u00e1romh\u00faros br\u00e1cs\u00e1n j\u00e1tszik, \u00e9s akt\u00edvan r\u00e9szt vesz az alap\u00edtv\u00e1ny zenei programjainak kialak\u00edt\u00e1s\u00e1ban. P\u00e9nzt\u00e1rosk\u00e9nt az alap\u00edtv\u00e1ny p\u00e9nz\u00fcgyeit ir\u00e1ny\u00edtja, biztos\u00edtva az \u00e1tl\u00e1that\u00f3s\u00e1got.<\/p>\n<p>Emellett az Eszterl\u00e1nc Magyar N\u00e9pi Egy\u00fcttes egykori tagja.<\/p>\n<h4>\ud83c\udfa4 Balog Be\u00e1ta<\/h4>\n<p><strong>Vezet\u0151s\u00e9gi tag, \u00e9nekes<\/strong><\/p>\n<p>Be\u00e1ta akt\u00edvan t\u00e1mogatja az alap\u00edtv\u00e1ny oktat\u00e1si c\u00e9ljait \u00e9s k\u00f6z\u00f6ss\u00e9gi k\u00fcldet\u00e9s\u00e9t. A zenekarban \u00e9nekel, emellett ukulel\u00e9zik, \u00e9s git\u00e1rozik.<\/p>\n<p>\u0150 is az Eszterl\u00e1nc Magyar N\u00e9pi Egy\u00fcttes egykori tagja.<\/p>\n<p>","protected":false},"excerpt":{"rendered":"","protected":false},"author":1,"featured_media":0,"parent":0,"menu_order":0,"comment_status":"closed","ping_status":"closed","template":"","meta":{"footnotes":""},"class_list":["post-214","page","type-page","status-publish","hentry"],"_links":{"self":[{"href":"https:\/\/crossroadsband.org\/hu\/wp-json\/wp\/v2\/pages\/214","targetHints":{"allow":["GET"]}}],"collection":[{"href":"https:\/\/crossroadsband.org\/hu\/wp-json\/wp\/v2\/pages"}],"about":[{"href":"https:\/\/crossroadsband.org\/hu\/wp-json\/wp\/v2\/types\/page"}],"author":[{"embeddable":true,"href":"https:\/\/crossroadsband.org\/hu\/wp-json\/wp\/v2\/users\/1"}],"replies":[{"embeddable":true,"href":"https:\/\/crossroadsband.org\/hu\/wp-json\/wp\/v2\/comments?post=214"}],"version-history":[{"count":11,"href":"https:\/\/crossroadsband.org\/hu\/wp-json\/wp\/v2\/pages\/214\/revisions"}],"predecessor-version":[{"id":538,"href":"https:\/\/crossroadsband.org\/hu\/wp-json\/wp\/v2\/pages\/214\/revisions\/538"}],"wp:attachment":[{"href":"https:\/\/crossroadsband.org\/hu\/wp-json\/wp\/v2\/media?parent=214"}],"curies":[{"name":"wp","href":"https:\/\/api.w.org\/{rel}","templated":true}]}}

</p>
<h3>👥 Vezetőségi tagjaink</h3>
<p><em>Ismerd meg azokat, akik a zene és a küldetés mögött állnak.</em></p>
<h4>🎸 Egyedi Attila</h4>
<p><strong>Igazgató, zenekarvezető</strong></p>
<p>Zenész, kulturális szervező, a Crossroads alapítója. Attila vezeti a zenekart, gitározik, ukulelén és háromhúros brácsán játszik, énekel, és az alapítvány szakmai irányításáért is felel.</p>
<p>Továbbá az Eszterlánc Magyar Népi Együttes (San Francisco Bay Area) ügyvezetője, a Hungarian Heritage Foundation (SF Bay Area) igazgatósági tagja, a Magyar Kulturális Központ (Newark) elnökségi tagja, valamint a Hungarian Folklife Association tanácsadó testületének tagja.</p>
<h4>💃🏼 Kovács Réka</h4>
<p><strong>Titkár</strong></p>
<p>Réka régóta táncol a néptáncmozgalomban, az Eszterlánc tagja, és mélyen kötődik a magyar néphagyományokhoz. Szervezési tapasztalataival segíti az események és az alapítvány működését.</p>
<p>Emellett az Eszterlánc Magyar Népi Együttes (San Francisco Bay Area) igazgatósági tagja is.</p>
<h4>🎹 Tulit Vince</h4>
<p><strong>Pénztáros</strong></p>
<p>Vince billentyűkön, hegedűn és háromhúros brácsán játszik, és aktívan részt vesz az alapítvány zenei programjainak kialakításában. Pénztárosként az alapítvány pénzügyeit irányítja, biztosítva az átláthatóságot.</p>
<p>Emellett az Eszterlánc Magyar Népi Együttes egykori tagja.</p>
<h4>🎤 Balog Beáta</h4>
<p><strong>Vezetőségi tag, énekes</strong></p>
<p>Beáta aktívan támogatja az alapítvány oktatási céljait és közösségi küldetését. A zenekarban énekel, emellett ukulelézik, és gitározik.</p>
<p>Ő is az Eszterlánc Magyar Népi Együttes egykori tagja.</p>
<p>
