{"id":486,"date":"2025-04-15T18:26:56","date_gmt":"2025-04-16T01:26:56","guid":{"rendered":"https:\/\/crossroadsband.org\/?page_id=486"},"modified":"2025-04-15T18:29:05","modified_gmt":"2025-04-16T01:29:05","slug":"hungarian-national-holidays","status":"publish","type":"page","link":"https:\/\/crossroadsband.org\/hu\/hungarian-national-holidays\/","title":{"rendered":"Magyar nemzeti \u00fcnnepek"},"content":{"rendered":"<\/p>\n<h2>\ud83c\udded\ud83c\uddfa Magyar nemzeti \u00fcnnepek<\/h2>\n<p>A Crossroads Band SF rendszeresen fell\u00e9p a magyar nemzeti \u00fcnnepekhez kapcsol\u00f3d\u00f3 k\u00f6z\u00f6ss\u00e9gi esem\u00e9nyeken, ahol zen\u00e9vel, versekkel \u00e9s k\u00f6z\u00f6ss\u00e9gi \u00f6sszej\u00f6vetelekkel eml\u00e9kez\u00fcnk a magyar t\u00f6rt\u00e9nelem jelent\u0151s pillanataira.<\/p>\n<p>Az al\u00e1bbi \u00fcnnepekhez kapcsol\u00f3d\u00f3 esem\u00e9nyeken gyakran vesz\u00fcnk r\u00e9szt:<\/p>\n<ul>\n<li><strong>M\u00e1rcius 15. \u2013 Az 1848-49-es forradalom \u00e9s szabads\u00e1gharc \u00fcnnepe<\/strong>: Megeml\u00e9kez\u00e9s a szabads\u00e1g\u00e9rt \u00e9s demokr\u00e1ci\u00e1\u00e9rt folytatott harcr\u00f3l.<\/li>\n<li><strong>Augusztus 20. \u2013 Szent Istv\u00e1n \u00fcnnepe (\u00e1llamalap\u00edt\u00e1s \u00fcnnepe)<\/strong>: Magyarorsz\u00e1g els\u0151 kir\u00e1ly\u00e1nak \u00e9s az \u00e1llamalap\u00edt\u00e1snak \u00fcnnepe.<\/li>\n<li><strong>Okt\u00f3ber 23. \u2013 Az 1956-os forradalom \u00fcnnepe<\/strong>: Tisztelg\u00e9s azok el\u0151tt, akik 1956-ban ki\u00e1lltak a f\u00fcggetlens\u00e9g\u00e9rt \u00e9s a szabads\u00e1g\u00e9rt.<\/li>\n<\/ul>\n<p>A zenekarunk fell\u00e9p\u00e9sei sor\u00e1n t\u00f6rt\u00e9nelmi dalok feldolgoz\u00e1sait, megzen\u00e9s\u00edtett verseket, \u00e9s hagyom\u00e1nyos magyar dallamokat mutatunk be, ezzel is er\u0151s\u00edtve a helyi k\u00f6z\u00f6ss\u00e9gek k\u00f6t\u0151d\u00e9s\u00e9t a magyar \u00f6r\u00f6ks\u00e9ghez.<br \/>\n\n<ul class=\"display-posts-listing\"><li class=\"listing-item\"><a class=\"title\" href=\"https:\/\/crossroadsband.org\/hu\/2025\/10\/26\/october-23-commemoration\/\">October 23 Commemoration<\/a><\/li><li class=\"listing-item\"><a class=\"title\" href=\"https:\/\/crossroadsband.org\/hu\/2024\/10\/19\/hcc-inauguration\/\">Magyar Kultur\u00e1lis K\u00f6zpont avat\u00e1s<\/a><\/li><li class=\"listing-item\"><a class=\"title\" href=\"https:\/\/crossroadsband.org\/hu\/2024\/03\/17\/a-kolto-visszater\/\">&#8220;A k\u00f6lt\u0151 visszat\u00e9r&#8221;<\/a><\/li><li class=\"listing-item\"><a class=\"title\" href=\"https:\/\/crossroadsband.org\/hu\/2023\/10\/28\/october-23-1956-commemoration\/\">Az 1956-os magyar forradalom eml\u00e9km\u0171sora<\/a><\/li><li class=\"listing-item\"><a class=\"title\" href=\"https:\/\/crossroadsband.org\/hu\/2023\/03\/19\/commemoration-of-march-15\/\">M\u00e1rcius 15-i megeml\u00e9kez\u00e9s<\/a><\/li><\/ul>","protected":false},"excerpt":{"rendered":"","protected":false},"author":1,"featured_media":0,"parent":0,"menu_order":0,"comment_status":"closed","ping_status":"closed","template":"","meta":{"footnotes":""},"class_list":["post-486","page","type-page","status-publish","hentry"],"_links":{"self":[{"href":"https:\/\/crossroadsband.org\/hu\/wp-json\/wp\/v2\/pages\/486","targetHints":{"allow":["GET"]}}],"collection":[{"href":"https:\/\/crossroadsband.org\/hu\/wp-json\/wp\/v2\/pages"}],"about":[{"href":"https:\/\/crossroadsband.org\/hu\/wp-json\/wp\/v2\/types\/page"}],"author":[{"embeddable":true,"href":"https:\/\/crossroadsband.org\/hu\/wp-json\/wp\/v2\/users\/1"}],"replies":[{"embeddable":true,"href":"https:\/\/crossroadsband.org\/hu\/wp-json\/wp\/v2\/comments?post=486"}],"version-history":[{"count":2,"href":"https:\/\/crossroadsband.org\/hu\/wp-json\/wp\/v2\/pages\/486\/revisions"}],"predecessor-version":[{"id":489,"href":"https:\/\/crossroadsband.org\/hu\/wp-json\/wp\/v2\/pages\/486\/revisions\/489"}],"wp:attachment":[{"href":"https:\/\/crossroadsband.org\/hu\/wp-json\/wp\/v2\/media?parent=486"}],"curies":[{"name":"wp","href":"https:\/\/api.w.org\/{rel}","templated":true}]}}

Magyar nemzeti ünnepek

</p>
<h2>🇭🇺 Magyar nemzeti ünnepek</h2>
<p>A Crossroads Band SF rendszeresen fellép a magyar nemzeti ünnepekhez kapcsolódó közösségi eseményeken, ahol zenével, versekkel és közösségi összejövetelekkel emlékezünk a magyar történelem jelentős pillanataira.</p>
<p>Az alábbi ünnepekhez kapcsolódó eseményeken gyakran veszünk részt:</p>
<ul>
<li><strong>Március 15. – Az 1848-49-es forradalom és szabadságharc ünnepe</strong>: Megemlékezés a szabadságért és demokráciáért folytatott harcról.</li>
<li><strong>Augusztus 20. – Szent István ünnepe (államalapítás ünnepe)</strong>: Magyarország első királyának és az államalapításnak ünnepe.</li>
<li><strong>Október 23. – Az 1956-os forradalom ünnepe</strong>: Tisztelgés azok előtt, akik 1956-ban kiálltak a függetlenségért és a szabadságért.</li>
</ul>
<p>A zenekarunk fellépései során történelmi dalok feldolgozásait, megzenésített verseket, és hagyományos magyar dallamokat mutatunk be, ezzel is erősítve a helyi közösségek kötődését a magyar örökséghez.<br />

<ul class="display-posts-listing"><li class="listing-item"><a class="title" href="https://crossroadsband.org/hu/2025/10/26/october-23-commemoration/">October 23 Commemoration</a></li><li class="listing-item"><a class="title" href="https://crossroadsband.org/hu/2024/10/19/hcc-inauguration/">Magyar Kulturális Központ avatás</a></li><li class="listing-item"><a class="title" href="https://crossroadsband.org/hu/2024/03/17/a-kolto-visszater/">&#8220;A költő visszatér&#8221;</a></li><li class="listing-item"><a class="title" href="https://crossroadsband.org/hu/2023/10/28/october-23-1956-commemoration/">Az 1956-os magyar forradalom emlékműsora</a></li><li class="listing-item"><a class="title" href="https://crossroadsband.org/hu/2023/03/19/commemoration-of-march-15/">Március 15-i megemlékezés</a></li></ul>
